= 3*x - 4*c, -c - 7 = x. What is the units digit of 1774/14 + -1*2/x?
7
Let t(r) = -3*r - 10. Let b be t(-5). Suppose 2*v = 3*v + 3*y - 13, -b*y = 25. Suppose -l + 3*l - v = 0. What is the units digit of l?
4
Suppose 6*j = -149 - 877. Let k = 177 + j. What is the units digit of k?
6
Let n be (-3 - 28/(-4)) + -4. Suppose n = -4*r + 8*r - 112. What is the tens digit of r?
2
Suppose -14*t = -37*t + 14375. What is the tens digit of t?
2
Let g(y) = -y**3 - 11*y**2 - 26*y - 3. What is the units digit of g(-9)?
9
Let m(o) be the second derivative of -o**3/3 - 5*o**2/2 + 4*o. Let t be m(-5). Suppose 0 = -t*s - 5*p + 60, s + 18 = 2*s + 3*p. What is the units digit of s?
9
Let o(u) = u**2 + 10*u + 47. Let p be o(-12). Let l = p + 179. What is the hundreds digit of l?
2
Suppose -4*z + 5*n = -1374, 4*z - 1297 = 2*n + 83. What is the units digit of z?
6
Suppose s = -2*q + 872, 8*q - 10*q = -s + 852. What is the hundreds digit of s?
8
Let x(z) = z**2 - 16*z - 87. What is the hundreds digit of x(33)?
4
What is the tens digit of 146/(-3)*78/(-4)?
4
Suppose z + i + 38 = 0, -i - 100 = 3*z - 5*i. Let n = -28 - z. What is the tens digit of -122*(20/n)/(-5)?
6
Suppose 4*d - 12 = -0*d. Suppose 2*l - b = 172, d*b + 431 = 3*l + 2*l. What is the units digit of l?
5
Suppose -16 + 0 = -4*x. Suppose -5*d = -2*o + 5, 1 = 5*d - x. Suppose -4*g + o = 3*p - 2*p, 4*g = 4*p - 120. What is the units digit of p?
5
Let h(s) = 66*s**2 + 4*s - 3. What is the units digit of h(2)?
9
Let n(t) = 4*t**2 - 6*t + 10. Let x(c) = -3*c**2 + 5*c - 10. Let g(h) = 4*n(h) + 5*x(h). What is the units digit of g(5)?
0
Suppose -7*n = -3*n + 8. What is the units digit of n/(-2*((-1268)/424 + 3))?
6
Suppose 28*c - 25*c - 1332 = 0. What is the tens digit of c?
4
Suppose 41 - 11 = -l. What is the tens digit of (-1524)/l - 1/(-5)?
5
Suppose -4*b = 7*b - 4719. What is the tens digit of b?
2
Let p = 149 + 158. Suppose 2*m - 301 = 5*b, -3*m - b + p = -m. Suppose 4*f + 3*g = -f + m, 4*g = 5*f - 146. What is the tens digit of f?
3
Let s(d) = 2 - 4 - 10*d - 9. What is the tens digit of s(-5)?
3
Let r(f) be the first derivative of -1/2*f**2 + 1/3*f**3 - 6 + 7*f. What is the units digit of r(5)?
7
Let x be 34/(-4) + (-1)/2. Let k(z) = 11*z**2 - 110*z - 8. Let w(l) = 5*l**2 - 52*l - 4. Let d(h) = -6*k(h) + 13*w(h). What is the units digit of d(x)?
9
Let i(h) = -6*h**3 + 14*h**2 - 3*h + 6. Let f(t) = 5*t**3 - 13*t**2 + 4*t - 7. Let j(g) = -5*f(g) - 4*i(g). Let k = -6 - -14. What is the tens digit of j(k)?
1
What is the hundreds digit of 387*(-7)/((-49)/7)?
3
Suppose -3*u + 24 = p, 3*p + u + 2*u - 66 = 0. Suppose -a + 25 = -n, 0*a - n + p = a. What is the tens digit of a?
2
Suppose -4*l + 1119 = x, -2195 = -4*x + 4*l + 2221. What is the units digit of x?
7
What is the units digit of ((-1574)/(-5))/((-1)/(-5))?
4
Let k(f) = 68*f**2 - 29*f + 126. What is the hundreds digit of k(4)?
0
Let a = -118 - -224. Let i = a - 56. Suppose 5*v = -0*v + i. What is the units digit of v?
0
Let w be (45 - (2 + -2)) + -3. Suppose -3*t + w = -24. Let j = t - 21. What is the units digit of j?
1
Let y be 59 - (-2 - (-3)/1). Suppose 0 = 4*x - 3*x - y. What is the units digit of x?
8
Let m be 20/(-8)*192/(-1). Suppose v - m = -2*v. Suppose 4*j = -j + v. What is the units digit of j?
2
What is the units digit of ((-711)/(-6) + 15)/(3/28)?
6
Suppose 4*t - 20 = 0, -s + 3*t + 2800 - 764 = 0. What is the tens digit of s?
5
Suppose -3*p + 5*u + 0*u = -377, -u + 407 = 3*p. Suppose -2*d = 5*k - 5*d - p, -2*d = 6. What is the units digit of k?
5
Suppose -5*g + 52 = 7. Suppose -119 = -4*k + g. What is the units digit of k?
2
Let k be 3/1 - (4 + -3). Let l be (72/45)/(k/5). Suppose -s + 4*u + 21 = 0, 0*s - l*s + u + 114 = 0. What is the tens digit of s?
2
Let i(c) = c**3 - 34*c**2 + 6*c - 64. What is the hundreds digit of i(34)?
1
Let w(f) = 46*f**2 + 14*f + 17. What is the units digit of w(-5)?
7
Let m be (0 - 2)/(2 + -3). Suppose 2*q - 4*r + 14 = 0, -m*q - 6*r + 21 = -3*r. Suppose 3*f - 53 = 2*n, -q*f + 0*n + n + 55 = 0. What is the units digit of f?
9
Suppose -g = -3*g - 8, 2*g - 777 = -5*i. Let b = 306 - i. What is the hundreds digit of b?
1
Suppose 7*x = -2*d + 2*x + 9, -3*d + 4 = -2*x. Let l(t) = 1 - 5 - t**d + 2*t**2. What is the units digit of l(5)?
1
Let i be 7/(-14)*(-16 - 2). Suppose -3*f - 4*q + 108 = -216, 3*q + i = 0. What is the units digit of f?
2
Suppose -h = 5*b - 15, 0 = -5*h + b + 10 + 39. Let y(v) = -8*v + 11*v + 9 + v + h*v. What is the tens digit of y(3)?
5
Suppose 9*u - 320 - 445 = 0. What is the tens digit of u?
8
Suppose 0 = -x - 2, -3*u - u - 4*x + 672 = 0. Suppose 4*h - 6*h = -u. Suppose 2*p + 4*d - 21 = 17, -4*p + h = 5*d. What is the units digit of p?
5
Suppose 4*j = h - 103, -2*j + 3*j = 0. What is the units digit of h?
3
Let z be (-1*14 + 0)*(-40)/28. Suppose -5*k + 3 - 8 = 0. What is the tens digit of k - 5/(z/(-48))?
1
Suppose -13*z = -16*z + 642. Suppose 134 = 2*q - z. What is the tens digit of q?
7
What is the units digit of ((-1380)/45)/(6/(-387))?
8
Let f(h) be the first derivative of -h**5/20 - h**4/2 + 5*h**3/6 + 5*h**2 - 5*h - 2. Let n(z) be the first derivative of f(z). What is the units digit of n(-7)?
4
Let v be 6*-1 + (-11 - -15). Let d = v + 2. Suppose d = 3*h + 37 - 193. What is the tens digit of h?
5
Let o be (-10)/20*2*2. Let a be (18/(-6))/((-3)/o). What is the tens digit of (-98)/(-4) + a/(-4)?
2
Suppose 3*t - 22 = -2*p, -3*t - 4*p = -5*p - 34. Suppose -4*v = -0*k - 2*k + 28, -v = -k + t. What is the units digit of k?
6
Let c = -2 - -6. Suppose -10 - 6 = -c*z. Suppose 2*v - z*v = -76. What is the tens digit of v?
3
Suppose -11285 = -29*x + 26*x + 5*r, 2*x - 7522 = 3*r. What is the units digit of x?
5
What is the units digit of -1 - -15*(-368)/(-24)?
9
Let z be (-5)/(20/(-227)) + (-3)/4. What is the tens digit of z/2 + 3 + -3 + 4?
3
Suppose 0 = -4*c - b - 12 + 59, 4*c = b + 49. Suppose 0 = -5*k + 10, z - c = -2*k + 32. Suppose j - z = -j. What is the units digit of j?
0
Suppose 2*a + 984 = 6*a. Suppose -3*z = c - 105, 2*c + 0*z = 3*z + a. What is the units digit of c?
7
Let x = 372 + -211. Let k = x + -84. What is the tens digit of k?
7
Let d(h) = h**2 + 6*h - 7. Let v = 33 - 26. What is the units digit of d(v)?
4
Suppose 2*n - 6 = -0*n + 5*g, n + 5*g - 33 = 0. Suppose 72 = -12*i + n*i. What is the units digit of i?
2
Let c = 96 + -54. What is the units digit of ((-28)/c)/(-1*1/33)?
2
Let o = -80 - -85. Let j be ((3 + -9)*1)/(-2). Suppose 2*i + 8 + 32 = 2*u, -o*u = -j*i - 110. What is the tens digit of u?
2
Let b be 4/18 + (-208)/(-36). Let i(s) = 7*s - 9. Let d be i(b). Let u = d - 16. What is the tens digit of u?
1
Let a = 178 - 167. What is the tens digit of a?
1
Let n(s) = 725*s**3 + s**2 - 2. What is the hundreds digit of n(1)?
7
Let z(b) = 251*b - 45. What is the thousands digit of z(5)?
1
Suppose 2*x + 9 = -3*o, -o + 44 = -2*x + 3*o. Let n(y) = -y**3 + 11*y**2 - 13*y + 28. Let c be n(10). What is the tens digit of c/(-4)*(-1272)/x?
5
Let j(w) = w + 7. Let a be j(-7). Suppose 7*n - 2*n - 10 = a. Suppose 4*d + 13 = -o, n*o = -3*d - 5 + 4. What is the units digit of o?
7
Let t = 1 + 1. Let s(n) = 6*n - 8. Let f(a) = 5*a - 7. Let w(m) = -5*f(m) + 4*s(m). What is the units digit of w(t)?
1
Suppose 1182 = 9*v - 645. What is the hundreds digit of v?
2
Let h(v) = 145*v + 180. What is the thousands digit of h(16)?
2
Suppose -3*l + 5*l = -2*t - 2, 3*t + 4*l = -7. Let u be t/(-2)*(-40)/30. Suppose 3*v - p - 72 = u*p, 0 = 4*v + 5*p - 132. What is the tens digit of v?
2
Let p(w) = -2*w**2 + 22*w - 15. Let o be p(10). Suppose -5*v - 259 = 3*c - 680, 4*v - o*c - 359 = 0. What is the tens digit of v?
8
Let r(q) = 3*q**2 + 10*q + 9. Let b be r(-8). Suppose 3*c = b + 20. What is the units digit of c?
7
Let y = 1275 - 541. What is the units digit of y?
4
Let o(m) = 6*m**2 + 12*m - 3. Let n(r) = -2*r**2 - 4*r + 1. Let g(s) = 11*n(s) + 4*o(s). Let j be ((-6)/8)/((-3)/(-12)). What is the units digit of g(j)?
5
Let g = 28 - 26. What is the tens digit of ((2 + -3)*-21)/(3/g)?
1
Suppose 160 = 5*g + 5*t, -3*t + 111 = 4*g - 21. Suppose -z = -g - 72. Let x = z + -77. What is the tens digit of x?
3
Let t(p) = -p**3 - 6*p**2 - 6*p - 3. Let f be t(-5). Suppose f*w = -3*w + 65. What is the tens digit of w?
1
Let o = -1